 -3*o - 2*s, -12 = -4*s. Is o a composite number?
False
Is (1/(-2))/((-10)/115 - (-35246977)/405347906) a prime number?
True
Let c = 67682 - 19465. Is c composite?
True
Let v be -1*2*(-180 + 7 + -8). Suppose b = v - 129. Is b a composite number?
False
Suppose -11*a - 2758333 = -168*a. Is a composite?
False
Let x(j) = 17*j**3 + 31*j**2 + 260*j + 79. Is x(29) prime?
True
Let n = -21549 - -42696. Suppose 10*m = 8243 + n. Is m a composite number?
False
Let o(v) = 29066*v**3 - 3*v**2 - 49*v + 99. Is o(2) composite?
True
Suppose q = 3*q + 2*a + 158, 3*q + a + 233 = 0. Is (q/(-28) + 0)*2764 a composite number?
True
Let j(n) = 40*n**3 + 7*n**2 + 5*n + 17. Suppose 0 = y - 3*y + 4*r + 6, 4*y - 4*r = 24. Is j(y) a prime number?
True
Let y be -5 - (3 + -6) - -3*3827. Suppose 0 = 4*h + o + 303 - y, 3*h - 8382 = -5*o. Suppose 6*p = -5*p + h. Is p composite?
True
Let u = 254 + -146. Let i be u/45*285/2. Suppose 0 = -k + 1057 + i. Is k prime?
True
Let u = -736 + 737. Is u/((28/(-43084))/(-7)) a composite number?
False
Let g(z) = -13*z**3 - 4*z**2 - 5*z - 3. Let a be g(-1). Suppose a*t - 28*t + 34799 = 0. Is t prime?
False
Let b = 138 + -138. Suppose b = 5*l - 5*w - 3350, 0 = l + w + 149 - 813. Is l a prime number?
False
Suppose -l + 27228 + 11017 = 0. Is l a composite number?
True
Suppose -25*f = -1376404 + 30479. Is f a composite number?
True
Let f(a) = 34176*a + 8925. Is f(23) a prime number?
False
Let j(x) = 147*x**3 + 29*x**2 + 3*x + 27. Is j(14) a prime number?
True
Suppose 111*t - 82*t - 708673 = 0. Is t composite?
True
Let i = -71432 + 773385. Is i a prime number?
False
Let s(a) = 615*a**2 + 81*a - 785. Is s(36) a prime number?
True
Let g(m) = 4*m**3 - 9*m**2 - 10*m + 10. Let r be 17/85 - (-136)/20. Is g(r) a prime number?
False
Let y = -143 + 148. Let z be 1/2 - 1/2. Suppose 4*q - y*a - 651 = z, -2*q + q + 5*a + 174 = 0. Is q a prime number?
False
Let o = 23 + 30. Let d be (-1068)/9*225/(-50). Let y = d + o. Is y a prime number?
True
Is 26/(-26)*(2 + -168813) prime?
False
Let q(o) = -2*o**2 - 8*o + 6. Let j(f) = 6 - f - 18 + 11. Let i(x) = 5*j(x) - q(x). Is i(6) a composite number?
False
Suppose 4*k - 17182 = z, 3*k - 4 = 8. Let x = z - -34567. Is x a prime number?
True
Let w = 29420 - 17097. Is w prime?
True
Let o(v) be the first derivative of -v**4/2 - 5*v**3/3 + 4*v**2 + 7*v + 3. Let h be o(7). Let d = -489 - h. Is d a prime number?
True
Let r = -16603 + 28506. Is r prime?
True
Let s(l) = -33*l - 44. Suppose 33 = 5*t - 2*m - 104, -3*t - 4*m = -103. Suppose 4*u + 47 = -t. Is s(u) a prime number?
False
Let w = 369577 - 199650. Is w composite?
True
Let f(p) = -3*p + 36. Suppose 5 + 5 = 2*w + 4*d, 4*w - d - 47 = 0. Let y be f(w). Suppose -3*x + y*l - 1977 = -6*x, 2*l = 5*x - 3267. Is x a prime number?
False
Suppose q = 3*i + 11593, 16*i = 17*i + 4. Suppose 3*h - q = -3*v + 7*h, -v = 3*h - 3869. Is v a composite number?
False
Let a(m) = 3177*m**3 + 16*m**2 - 6*m - 29. Is a(4) composite?
False
Let c = -2465 - -2019. Suppose -3*v - 466 = -v. Let u = v - c. Is u prime?
False
Suppose 362 = z - 1983. Suppose -j - z = 18310. Is (-1)/4 + j/(-12) a composite number?
False
Let d = 163 + -105. Let u = d - 58. Suppose -5*j - c = -30966, -3*c = -u*c - 3. Is j composite?
True
Suppose -3*m = -5*a + 38, 2*m = 6*m + 3*a + 12. Let c be 1*(-3)/m*0/2. Suppose g - 6 - 19 = c. Is g a composite number?
True
Let m = -442 + 462. Let a(l) = 3*l**3 - 12*l**2 - 42*l - 59. Is a(m) a prime number?
True
Let s(k) = 301*k**3 + 124*k - 33. Is s(8) a prime number?
False
Let y be (-3)/(-9) - ((-5862)/(-9) + -2). Let v = 248 + y. Let z = -234 - v. Is z a composite number?
False
Is -1 - ((-2)/8 + 143159/(-4)) a prime number?
False
Let y be (-3)/15 + 0 + 55/25. Suppose y*a - 9613 = 9369. Is a composite?
False
Let i be 48/10 + 20/(-25). Suppose -4 = j + 2*r + 1, -r - i = 0. Is (-89)/(1/(4/8) - j) a prime number?
True
Suppose 0 = 8722*n - 8702*n - 1640680. Is n composite?
True
Let l be ((-3)/(-9))/(1/2)*105. Suppose -20*p - l = -6*p. Let z(a) = -7*a**3 - 3*a**2 + 12*a + 5. Is z(p) a prime number?
False
Let m(d) = -2913*d + 26. Suppose 0 = 3*u - 6 + 12, -2*u - 2 = -2*h. Is m(h) composite?
False
Let d = 8 - 6. Let b be (-1)/d + 2/4 - -3. Suppose -b*q + 4*f + 547 = 0, 4*q + 5*f + 22 = 741. Is q composite?
False
Suppose k - 23*s + 19*s - 413383 = 0, 2*k - 3*s - 826771 = 0. Is k a composite number?
True
Let t(y) = -y**2 - 6*y + 155. Let c be t(-15). Suppose -c*v + 104634 = -586. Is v prime?
True
Let w = 28 + -13. Is (12/w)/(349962/69990 - 5) composite?
True
Let h = 2974 + -1674. Suppose 3*d + h = 4*g + 2*d, 3*g + 2*d - 986 = 0. Is 6*(g - 10 - (-2)/(-4)) prime?
False
Is (721 - -2)*((-6350)/30)/(-5) prime?
False
Suppose -6*w = -w - 3*z + 1492, -5 = 5*z. Let j(q) = 374*q + 154. Let t be j(-2). Let o = w - t. Is o a composite number?
True
Suppose -19*s + 3*r = -15*s - 290437, -3*s + 4*r + 217819 = 0. Is s prime?
True
Let b = 906 - 949. Let a(i) = i**2 - 5*i + 115. Is a(b) a prime number?
True
Let k be 3/(-6) + 1 - 600/(-80). Is 24140/k + (-30)/(-20) a prime number?
True
Suppose -r - 150 = -11*r. Suppose r*l + 8 = 19*l. Suppose l*s - 1337 = -3*y + 4*s, -3*y + 1309 = 5*s. Is y composite?
False
Suppose -13*d + 9*d + 8 = 0. Suppose -3*z + d = 2. Is 327 + z - (-10 - -8) prime?
False
Let i = -91468 + 139539. Is i composite?
True
Let u = 2573304 - 1763881. Is u a prime number?
True
Let j = 330 + -323. Suppose -4*s + 5*k - 178547 = -j*s, 3*s = -k + 178531. Is s a composite number?
False
Let a(r) = -2*r - 3. Let z be a(-4). Let u(b) be the second derivative of 3*b**3/2 + b**2/2 + 377*b. Is u(z) prime?
False
Is ((2022/(-5))/(160/(-100)))/(6/16088) a prime number?
False
Suppose 5*w + 1 = 2*n + 6*w, 5*w = -3*n + 5. Suppose n = -129*l + 125*l + 2788. Is l a composite number?
True
Is 90 - 88 - 2/((-4)/306154) a prime number?
False
Let r(m) = 34*m + 48. Let v be r(-7). Is v/4*(-1986)/15 composite?
True
Let i = 257 - 260. Let c be (-4)/(4 + (-9)/2). Is c*4/48 - 3655/i prime?
False
Suppose -z + 23 = -6*z - 2*p, 2*p = -8. Let t be (-21)/9 + (-1)/z. Is ((-10)/(-8))/(t/(-136)) composite?
True
Suppose -5*q + 8*q + 168 = 0. Let p = q + 81. Suppose 332 = j + p. Is j a composite number?
False
Let r(l) = 36*l**2 - 22*l + 23. Let u be 1/(-9) - 11/((-594)/816). Is r(u) a prime number?
True
Is 347146*(14/91 + 72/208) prime?
True
Suppose 4*v + 188 = -4*r, -7*r + 2*r = 5. Let d = v - -42. Is (-3142)/(-2) + (6 - -10)/d a prime number?
True
Let f(a) = 109*a + 2928. Is f(55) composite?
False
Suppose 19454 - 323 = y - 2*n, -5*n = 2*y - 38244. Is y a prime number?
False
Let z(d) = -160*d**3 - 25*d**2 + 7*d - 13. Is z(-11) prime?
False
Let f(z) = 3*z**2 - 88*z + 6. Let u be f(8). Is (-276)/u + (-75206)/(-22) a prime number?
False
Let p(u) be the third derivative of u**7/120 - u**5/40 - u**4/12 - 3*u**3 + 14*u**2. Let g(j) be the first derivative of p(j). Is g(3) composite?
True
Suppose 2*s = -6, -2*f - 3*s + 31 + 28 = 0. Let d(v) = 121*v - 80. Is d(f) a prime number?
False
Suppose -2608*q - k + 15166 = -2604*q, 0 = -5*q + k + 18953. Is q composite?
True
Is 1035631/2 + 1*9 + 4320/(-576) composite?
False
Let d = -75 + 90. Is (-86410)/(-25) + 9/d a prime number?
True
Let x(s) = -80602*s - 16. Let f be x(-1). Suppose n + f = 5*o, -o + 3*n = n - 16119. Is o composite?
True
Suppose -5*n + 5*m - 45 = 0, -5*n - 5 = -8*n - 5*m. Let s(w) = -62*w + 247. Is s(n) composite?
False
Let f = -69183 - -100418. Is f a prime number?
False
Let h = -23 - -27. Suppose -h*m - 3*l = -9641, -2*m + 4821 = -0*m + l. Let u = -516 + m. Is u prime?
False
Let h = 359 + -518. Let y = h + 242. Is y prime?
True
Let d = 108453 + -73360. Is d composite?
True
Suppose 30 = 2*a + 3*a. Suppose a*h = 7*h - 751. Let o = h - 416. Is o a composite number?
True
Is (84/378 - (-64706)/18) + -6 a composite number?
True
Let b(q) be the second derivative of 19*q**5/20 - q**4/2 + 7*q**3/6 - 3*q**2/2 + 51*q. Is b(5) prime?
False
Let x(b) = -27167*b + 5371. Is x(-8) a composite number?
False
Is ((-4)/12)/(((-100)/1680330)/10) a composite number?
True
Suppose -4*f - 2*i + 836410 = 0, -2*f = -161*i + 164*i - 418219. Is f a prime number?
False
Is 6/(-21) - (10/(-40))/((-21)/(-1567548)) a composite number?
False
Let l be (-6)/9 - -1 - (-4004)/21. Suppose 5*h - l + 226 = 0. Is 7/(-1)*239/h